{"id":19632,"date":"2023-03-06T15:43:14","date_gmt":"2023-03-06T20:43:14","guid":{"rendered":"https:\/\/www.eimpsa.com\/web\/producto\/tubo-emt-galvanizado-1-2-colmena-6\/"},"modified":"2024-05-14T07:58:43","modified_gmt":"2024-05-14T12:58:43","slug":"tubo-emt-galvanizado-1-2-colmena-6","status":"publish","type":"product","link":"https:\/\/www.eimpsa.com\/web\/producto\/tubo-emt-galvanizado-1-2-colmena-6\/","title":{"rendered":"TUBO EMT GALVANIZADO 1\/2 COLMENA"},"content":{"rendered":"<p>TUBO EMT GALVANIZADO 1\/2 COLMENAnnEl tubo conduit EMT, esta dise\u00f1ado para proteger cables el\u00e9ctricos en instalaciones industriales, comerciales y en general en todo tipo de instalaciones no residenciales. Los tubos EMT pueden instalarse empotrados o a la vistangarantizando plenamente la exposici\u00f3n de los mismos al medio ambiente.nnLos tubos EMT, se fabrican con aceros e insumos cuidadosamente seleccionados, aplicando procesos productivos de la m\u00e1s alta tecnolog\u00eda, que garantizan la calidad del tubo durante el tiempo de almacenamiento, as\u00ed como tambi\u00e9n durante \u201csu vida \u00fatil\u201d.nLos tubos conduit EMT, cuentan con la certificaci\u00f3n UL 797, se fabrican en instalaciones certificadas por ISO 9001 y cumplen con todos los requisitos t\u00e9cnicos exigidos para las instalaciones el\u00e9ctricas.nnL\u00ednea EMT Electrical Metallic TubingnTubos conduit de acero galvanizados seg\u00fan norma ANSI C 80.3 (NTC \u2013 105); UL 797nLa prioridad de Colmena Conduit Ltda. es garantizar la rentabilidad de sus clientes, brind\u00e1ndoles un \u00f3ptimo servicio, con productos de la m\u00e1s alta calidad.<\/p>\n<p>Visits: 330<\/p>","protected":false},"excerpt":{"rendered":"<p>TUBO EMT GALVANIZADO 1\/2 COLMENAnnEl tubo conduit EMT, esta dise\u00f1ado para proteger cables el\u00e9ctricos en instalaciones industriales, comerciales y en general en todo tipo de instalaciones no residenciales. Los tubos EMT pueden instalarse empotrados o a la vistangarantizando plenamente la exposici\u00f3n de los mismos al medio ambiente.nnLos tubos EMT, se fabrican con aceros e insumos [&hellip;]<\/p>\n","protected":false},"featured_media":19631,"comment_status":"closed","ping_status":"open","template":"","meta":[],"product_cat":[24],"product_tag":[],"class_list":["post-19632","product","type-product","status-publish","has-post-thumbnail","hentry","product_cat-colmena"],"yoast_head":"<!-- This site is optimized with the Yoast SEO plugin v27.6 - https:\/\/yoast.com\/product\/yoast-seo-wordpress\/ -->\n<title>TUBO EMT GALVANIZADO 1\/2 COLMENA - Electricos Importados<\/title>\n<meta name=\"robots\" content=\"index, follow, max-snippet:-1, max-image-preview:large, max-video-preview:-1\" \/>\n<link rel=\"canonical\" href=\"https:\/\/www.eimpsa.com\/web\/producto\/tubo-emt-galvanizado-1-2-colmena-6\/\" \/>\n<meta property=\"og:locale\" content=\"es_ES\" \/>\n<meta property=\"og:type\" content=\"article\" \/>\n<meta property=\"og:title\" content=\"TUBO EMT GALVANIZADO 1\/2 COLMENA - Electricos Importados\" \/>\n<meta property=\"og:description\" content=\"TUBO EMT GALVANIZADO 1\/2 COLMENAnnEl tubo conduit EMT, esta dise\u00f1ado para proteger cables el\u00e9ctricos en instalaciones industriales, comerciales y en general en todo tipo de instalaciones no residenciales. Los tubos EMT pueden instalarse empotrados o a la vistangarantizando plenamente la exposici\u00f3n de los mismos al medio ambiente.nnLos tubos EMT, se fabrican con aceros e insumos [&hellip;]\" \/>\n<meta property=\"og:url\" content=\"https:\/\/www.eimpsa.com\/web\/producto\/tubo-emt-galvanizado-1-2-colmena-6\/\" \/>\n<meta property=\"og:site_name\" content=\"Electricos Importados\" \/>\n<meta property=\"article:publisher\" content=\"https:\/\/www.facebook.com\/eimpsa\/\" \/>\n<meta property=\"article:modified_time\" content=\"2024-05-14T12:58:43+00:00\" \/>\n<meta property=\"og:image\" content=\"https:\/\/www.eimpsa.com\/web\/wp-content\/uploads\/2023\/03\/TUBO-EMT-GALVANIZADO-1-2-COLMENA.jpg\" \/>\n\t<meta property=\"og:image:width\" content=\"800\" \/>\n\t<meta property=\"og:image:height\" content=\"926\" \/>\n\t<meta property=\"og:image:type\" content=\"image\/jpeg\" \/>\n<meta name=\"twitter:card\" content=\"summary_large_image\" \/>\n<meta name=\"twitter:label1\" content=\"Tiempo de lectura\" \/>\n\t<meta name=\"twitter:data1\" content=\"1 minuto\" \/>\n<script type=\"application\/ld+json\" class=\"yoast-schema-graph\">{\"@context\":\"https:\\\/\\\/schema.org\",\"@graph\":[{\"@type\":\"WebPage\",\"@id\":\"https:\\\/\\\/www.eimpsa.com\\\/web\\\/producto\\\/tubo-emt-galvanizado-1-2-colmena-6\\\/\",\"url\":\"https:\\\/\\\/www.eimpsa.com\\\/web\\\/producto\\\/tubo-emt-galvanizado-1-2-colmena-6\\\/\",\"name\":\"TUBO EMT GALVANIZADO 1\\\/2 COLMENA - Electricos Importados\",\"isPartOf\":{\"@id\":\"https:\\\/\\\/www.eimpsa.com\\\/web\\\/#website\"},\"primaryImageOfPage\":{\"@id\":\"https:\\\/\\\/www.eimpsa.com\\\/web\\\/producto\\\/tubo-emt-galvanizado-1-2-colmena-6\\\/#primaryimage\"},\"image\":{\"@id\":\"https:\\\/\\\/www.eimpsa.com\\\/web\\\/producto\\\/tubo-emt-galvanizado-1-2-colmena-6\\\/#primaryimage\"},\"thumbnailUrl\":\"https:\\\/\\\/www.eimpsa.com\\\/web\\\/wp-content\\\/uploads\\\/2023\\\/03\\\/TUBO-EMT-GALVANIZADO-1-2-COLMENA.jpg\",\"datePublished\":\"2023-03-06T20:43:14+00:00\",\"dateModified\":\"2024-05-14T12:58:43+00:00\",\"breadcrumb\":{\"@id\":\"https:\\\/\\\/www.eimpsa.com\\\/web\\\/producto\\\/tubo-emt-galvanizado-1-2-colmena-6\\\/#breadcrumb\"},\"inLanguage\":\"es\",\"potentialAction\":[{\"@type\":\"ReadAction\",\"target\":[\"https:\\\/\\\/www.eimpsa.com\\\/web\\\/producto\\\/tubo-emt-galvanizado-1-2-colmena-6\\\/\"]}]},{\"@type\":\"ImageObject\",\"inLanguage\":\"es\",\"@id\":\"https:\\\/\\\/www.eimpsa.com\\\/web\\\/producto\\\/tubo-emt-galvanizado-1-2-colmena-6\\\/#primaryimage\",\"url\":\"https:\\\/\\\/www.eimpsa.com\\\/web\\\/wp-content\\\/uploads\\\/2023\\\/03\\\/TUBO-EMT-GALVANIZADO-1-2-COLMENA.jpg\",\"contentUrl\":\"https:\\\/\\\/www.eimpsa.com\\\/web\\\/wp-content\\\/uploads\\\/2023\\\/03\\\/TUBO-EMT-GALVANIZADO-1-2-COLMENA.jpg\",\"width\":800,\"height\":926},{\"@type\":\"BreadcrumbList\",\"@id\":\"https:\\\/\\\/www.eimpsa.com\\\/web\\\/producto\\\/tubo-emt-galvanizado-1-2-colmena-6\\\/#breadcrumb\",\"itemListElement\":[{\"@type\":\"ListItem\",\"position\":1,\"name\":\"Portada\",\"item\":\"https:\\\/\\\/www.eimpsa.com\\\/web\\\/\"},{\"@type\":\"ListItem\",\"position\":2,\"name\":\"Tienda\",\"item\":\"https:\\\/\\\/www.eimpsa.com\\\/web\\\/tienda-virtual-eimpsa-productos-electricos-industriales\\\/\"},{\"@type\":\"ListItem\",\"position\":3,\"name\":\"TUBO EMT GALVANIZADO 1\\\/2 COLMENA\"}]},{\"@type\":\"WebSite\",\"@id\":\"https:\\\/\\\/www.eimpsa.com\\\/web\\\/#website\",\"url\":\"https:\\\/\\\/www.eimpsa.com\\\/web\\\/\",\"name\":\"EIMPSA Electricos Importados\",\"description\":\"Materiales El\u00e9ctricos\",\"publisher\":{\"@id\":\"https:\\\/\\\/www.eimpsa.com\\\/web\\\/#organization\"},\"alternateName\":\"eimpsa\",\"potentialAction\":[{\"@type\":\"SearchAction\",\"target\":{\"@type\":\"EntryPoint\",\"urlTemplate\":\"https:\\\/\\\/www.eimpsa.com\\\/web\\\/?s={search_term_string}\"},\"query-input\":{\"@type\":\"PropertyValueSpecification\",\"valueRequired\":true,\"valueName\":\"search_term_string\"}}],\"inLanguage\":\"es\"},{\"@type\":\"Organization\",\"@id\":\"https:\\\/\\\/www.eimpsa.com\\\/web\\\/#organization\",\"name\":\"EIMPSA El\u00e9ctricos Importados S.A.S\",\"url\":\"https:\\\/\\\/www.eimpsa.com\\\/web\\\/\",\"logo\":{\"@type\":\"ImageObject\",\"inLanguage\":\"es\",\"@id\":\"https:\\\/\\\/www.eimpsa.com\\\/web\\\/#\\\/schema\\\/logo\\\/image\\\/\",\"url\":\"https:\\\/\\\/www.eimpsa.com\\\/web\\\/wp-content\\\/uploads\\\/2023\\\/10\\\/EIMPSA-Versiones-RGB_Base.png\",\"contentUrl\":\"https:\\\/\\\/www.eimpsa.com\\\/web\\\/wp-content\\\/uploads\\\/2023\\\/10\\\/EIMPSA-Versiones-RGB_Base.png\",\"width\":1471,\"height\":473,\"caption\":\"EIMPSA El\u00e9ctricos Importados S.A.S\"},\"image\":{\"@id\":\"https:\\\/\\\/www.eimpsa.com\\\/web\\\/#\\\/schema\\\/logo\\\/image\\\/\"},\"sameAs\":[\"https:\\\/\\\/www.facebook.com\\\/eimpsa\\\/\",\"https:\\\/\\\/www.linkedin.com\\\/company\\\/el-ctricos-importados-s-a-\\\/\",\"https:\\\/\\\/www.youtube.com\\\/channel\\\/UCaCHlQ9m86kFaeAq_dMUOHg?view_as=subscriber\",\"https:\\\/\\\/www.instagram.com\\\/eimpsa_electricos_importados\\\/\"]}]}<\/script>\n<!-- \/ Yoast SEO plugin. -->","yoast_head_json":{"title":"TUBO EMT GALVANIZADO 1\/2 COLMENA - Electricos Importados","robots":{"index":"index","follow":"follow","max-snippet":"max-snippet:-1","max-image-preview":"max-image-preview:large","max-video-preview":"max-video-preview:-1"},"canonical":"https:\/\/www.eimpsa.com\/web\/producto\/tubo-emt-galvanizado-1-2-colmena-6\/","og_locale":"es_ES","og_type":"article","og_title":"TUBO EMT GALVANIZADO 1\/2 COLMENA - Electricos Importados","og_description":"TUBO EMT GALVANIZADO 1\/2 COLMENAnnEl tubo conduit EMT, esta dise\u00f1ado para proteger cables el\u00e9ctricos en instalaciones industriales, comerciales y en general en todo tipo de instalaciones no residenciales. Los tubos EMT pueden instalarse empotrados o a la vistangarantizando plenamente la exposici\u00f3n de los mismos al medio ambiente.nnLos tubos EMT, se fabrican con aceros e insumos [&hellip;]","og_url":"https:\/\/www.eimpsa.com\/web\/producto\/tubo-emt-galvanizado-1-2-colmena-6\/","og_site_name":"Electricos Importados","article_publisher":"https:\/\/www.facebook.com\/eimpsa\/","article_modified_time":"2024-05-14T12:58:43+00:00","og_image":[{"width":800,"height":926,"url":"https:\/\/www.eimpsa.com\/web\/wp-content\/uploads\/2023\/03\/TUBO-EMT-GALVANIZADO-1-2-COLMENA.jpg","type":"image\/jpeg"}],"twitter_card":"summary_large_image","twitter_misc":{"Tiempo de lectura":"1 minuto"},"schema":{"@context":"https:\/\/schema.org","@graph":[{"@type":"WebPage","@id":"https:\/\/www.eimpsa.com\/web\/producto\/tubo-emt-galvanizado-1-2-colmena-6\/","url":"https:\/\/www.eimpsa.com\/web\/producto\/tubo-emt-galvanizado-1-2-colmena-6\/","name":"TUBO EMT GALVANIZADO 1\/2 COLMENA - Electricos Importados","isPartOf":{"@id":"https:\/\/www.eimpsa.com\/web\/#website"},"primaryImageOfPage":{"@id":"https:\/\/www.eimpsa.com\/web\/producto\/tubo-emt-galvanizado-1-2-colmena-6\/#primaryimage"},"image":{"@id":"https:\/\/www.eimpsa.com\/web\/producto\/tubo-emt-galvanizado-1-2-colmena-6\/#primaryimage"},"thumbnailUrl":"https:\/\/www.eimpsa.com\/web\/wp-content\/uploads\/2023\/03\/TUBO-EMT-GALVANIZADO-1-2-COLMENA.jpg","datePublished":"2023-03-06T20:43:14+00:00","dateModified":"2024-05-14T12:58:43+00:00","breadcrumb":{"@id":"https:\/\/www.eimpsa.com\/web\/producto\/tubo-emt-galvanizado-1-2-colmena-6\/#breadcrumb"},"inLanguage":"es","potentialAction":[{"@type":"ReadAction","target":["https:\/\/www.eimpsa.com\/web\/producto\/tubo-emt-galvanizado-1-2-colmena-6\/"]}]},{"@type":"ImageObject","inLanguage":"es","@id":"https:\/\/www.eimpsa.com\/web\/producto\/tubo-emt-galvanizado-1-2-colmena-6\/#primaryimage","url":"https:\/\/www.eimpsa.com\/web\/wp-content\/uploads\/2023\/03\/TUBO-EMT-GALVANIZADO-1-2-COLMENA.jpg","contentUrl":"https:\/\/www.eimpsa.com\/web\/wp-content\/uploads\/2023\/03\/TUBO-EMT-GALVANIZADO-1-2-COLMENA.jpg","width":800,"height":926},{"@type":"BreadcrumbList","@id":"https:\/\/www.eimpsa.com\/web\/producto\/tubo-emt-galvanizado-1-2-colmena-6\/#breadcrumb","itemListElement":[{"@type":"ListItem","position":1,"name":"Portada","item":"https:\/\/www.eimpsa.com\/web\/"},{"@type":"ListItem","position":2,"name":"Tienda","item":"https:\/\/www.eimpsa.com\/web\/tienda-virtual-eimpsa-productos-electricos-industriales\/"},{"@type":"ListItem","position":3,"name":"TUBO EMT GALVANIZADO 1\/2 COLMENA"}]},{"@type":"WebSite","@id":"https:\/\/www.eimpsa.com\/web\/#website","url":"https:\/\/www.eimpsa.com\/web\/","name":"EIMPSA Electricos Importados","description":"Materiales El\u00e9ctricos","publisher":{"@id":"https:\/\/www.eimpsa.com\/web\/#organization"},"alternateName":"eimpsa","potentialAction":[{"@type":"SearchAction","target":{"@type":"EntryPoint","urlTemplate":"https:\/\/www.eimpsa.com\/web\/?s={search_term_string}"},"query-input":{"@type":"PropertyValueSpecification","valueRequired":true,"valueName":"search_term_string"}}],"inLanguage":"es"},{"@type":"Organization","@id":"https:\/\/www.eimpsa.com\/web\/#organization","name":"EIMPSA El\u00e9ctricos Importados S.A.S","url":"https:\/\/www.eimpsa.com\/web\/","logo":{"@type":"ImageObject","inLanguage":"es","@id":"https:\/\/www.eimpsa.com\/web\/#\/schema\/logo\/image\/","url":"https:\/\/www.eimpsa.com\/web\/wp-content\/uploads\/2023\/10\/EIMPSA-Versiones-RGB_Base.png","contentUrl":"https:\/\/www.eimpsa.com\/web\/wp-content\/uploads\/2023\/10\/EIMPSA-Versiones-RGB_Base.png","width":1471,"height":473,"caption":"EIMPSA El\u00e9ctricos Importados S.A.S"},"image":{"@id":"https:\/\/www.eimpsa.com\/web\/#\/schema\/logo\/image\/"},"sameAs":["https:\/\/www.facebook.com\/eimpsa\/","https:\/\/www.linkedin.com\/company\/el-ctricos-importados-s-a-\/","https:\/\/www.youtube.com\/channel\/UCaCHlQ9m86kFaeAq_dMUOHg?view_as=subscriber","https:\/\/www.instagram.com\/eimpsa_electricos_importados\/"]}]}},"_links":{"self":[{"href":"https:\/\/www.eimpsa.com\/web\/wp-json\/wp\/v2\/product\/19632","targetHints":{"allow":["GET"]}}],"collection":[{"href":"https:\/\/www.eimpsa.com\/web\/wp-json\/wp\/v2\/product"}],"about":[{"href":"https:\/\/www.eimpsa.com\/web\/wp-json\/wp\/v2\/types\/product"}],"replies":[{"embeddable":true,"href":"https:\/\/www.eimpsa.com\/web\/wp-json\/wp\/v2\/comments?post=19632"}],"version-history":[{"count":1,"href":"https:\/\/www.eimpsa.com\/web\/wp-json\/wp\/v2\/product\/19632\/revisions"}],"predecessor-version":[{"id":19633,"href":"https:\/\/www.eimpsa.com\/web\/wp-json\/wp\/v2\/product\/19632\/revisions\/19633"}],"wp:featuredmedia":[{"embeddable":true,"href":"https:\/\/www.eimpsa.com\/web\/wp-json\/wp\/v2\/media\/19631"}],"wp:attachment":[{"href":"https:\/\/www.eimpsa.com\/web\/wp-json\/wp\/v2\/media?parent=19632"}],"wp:term":[{"taxonomy":"product_cat","embeddable":true,"href":"https:\/\/www.eimpsa.com\/web\/wp-json\/wp\/v2\/product_cat?post=19632"},{"taxonomy":"product_tag","embeddable":true,"href":"https:\/\/www.eimpsa.com\/web\/wp-json\/wp\/v2\/product_tag?post=19632"}],"curies":[{"name":"wp","href":"https:\/\/api.w.org\/{rel}","templated":true}]}}