{"id":19405,"date":"2023-03-06T15:41:06","date_gmt":"2023-03-06T20:41:06","guid":{"rendered":"https:\/\/www.eimpsa.com\/web\/producto\/reflector-p23579-36-led-sylveo-200w-5000k-100-277v-sylvania-6\/"},"modified":"2024-05-14T08:00:12","modified_gmt":"2024-05-14T13:00:12","slug":"reflector-p23579-36-led-sylveo-200w-5000k-100-277v-sylvania-6","status":"publish","type":"product","link":"https:\/\/www.eimpsa.com\/web\/producto\/reflector-p23579-36-led-sylveo-200w-5000k-100-277v-sylvania-6\/","title":{"rendered":"REFLECTOR P23579-36 LED SYLVEO 200W 5000K 100-277V SYLVANIA"},"content":{"rendered":"<p>El nuevo Sylveo LED es una completa gama de proyector de uso interior o exterior para reemplazar los tradicionales reflectores de HID , dise\u00f1o delgado y liviano con driver integrado en la luminaria. Proyecci\u00f3n uniforme de la luz, reduce los costos de consumo de energ\u00eda y de mantenimiento.<\/p>\n<p>Aplicaciones: Perfecto para iluminaci\u00f3n en aplicaciones exigentes, campos petroleros , explotaciones mineras, puertos, aeropuertos, instalaciones deportivas, estacionamientos al aire libre, exteriores industriales y de bodegas.<\/p>\n<p>Dise\u00f1o delgado, moderno y robusto, resistente a la humedad<br \/>\nChasis en aluminio<br \/>\nCertificaci\u00f3n RETILAP<br \/>\nPotencia: 200W<br \/>\nTensi\u00f3n de Operaci\u00f3n: 100-277V<br \/>\nFrecuencia: 50\/60 Hz<br \/>\nTemperatura de Color: 5000K<br \/>\nFlujo Luminoso: 24000lm<br \/>\nVida \u00fatil: 100.000h<br \/>\nGrado de protecci\u00f3n: IP66 \/ IK08<br \/>\nChasis: Aluminio<br \/>\nTipo de montaje: Sobreponer<\/p>\n<p>CARACTER\u00cdSTICAS<\/p>\n<p>\u2022 Perfecto para iluminar campos petroleros, explotaciones mineras, puertos, aeropuertos, instalaciones deportivas, estacionamientos al aire libre, exteriores industriales y de bodegas.<\/p>\n<p>\u2022 Luminaria eficiente de hasta 120 lm\/ W, para m\u00e1ximo ahorro de energ\u00eda.<\/p>\n<p>\u2022 \u00d3ptica sim\u00e9trica media (otras \u00f3pticas bajo pedido especial).<\/p>\n<p>\u2022 Temperatura ambiente de operaci\u00f3n: -20 \u00b0C ~ 45 \u00b0C.<\/p>\n<p>\u2022 Clasificaci\u00f3n de seguridad el\u00e9ctrica: Clase l.<\/p>\n<p>\u2022 Larga vida \u00fatil para reducir los costos de mantenimiento.<\/p>\n<p>\u2022 Chas\u00eds en aluminio.<\/p>\n<p>&nbsp;<\/p>\n<p><strong>Ver Ficha T\u00e9cnica<\/strong><\/p>\n<p><a href=\"https:\/\/sylvania-colombia.com\/wp-content\/uploads\/2021\/05\/3.-FT-P23579.pdf\" target=\"_blank\" rel=\"noopener\">https:\/\/sylvania-colombia.com\/wp-content\/uploads\/2021\/05\/3.-FT-P23579.pdf<br \/>\n<\/a><\/p>\n<p>Visits: 1065<\/p>","protected":false},"excerpt":{"rendered":"<p>El nuevo Sylveo LED es una completa gama de proyector de uso interior o exterior para reemplazar los tradicionales reflectores de HID , dise\u00f1o delgado y liviano con driver integrado en la luminaria. Proyecci\u00f3n uniforme de la luz, reduce los costos de consumo de energ\u00eda y de mantenimiento. Aplicaciones: Perfecto para iluminaci\u00f3n en aplicaciones exigentes, [&hellip;]<\/p>\n","protected":false},"featured_media":20240,"comment_status":"closed","ping_status":"closed","template":"","meta":[],"product_cat":[39],"product_tag":[],"class_list":["post-19405","product","type-product","status-publish","has-post-thumbnail","hentry","product_cat-sylvania-colombia"],"yoast_head":"<!-- This site is optimized with the Yoast SEO plugin v27.4 - https:\/\/yoast.com\/product\/yoast-seo-wordpress\/ -->\n<title>REFLECTOR P23579-36 LED SYLVEO 200W 5000K 100-277V SYLVANIA - Electricos Importados<\/title>\n<meta name=\"description\" content=\"Sylveo LED es una completa gama de proyector de uso interior o exterior para reemplazar los tradicionales reflectores de HID\" \/>\n<meta name=\"robots\" content=\"index, follow, max-snippet:-1, max-image-preview:large, max-video-preview:-1\" \/>\n<link rel=\"canonical\" href=\"https:\/\/www.eimpsa.com\/web\/producto\/reflector-p23579-36-led-sylveo-200w-5000k-100-277v-sylvania-6\/\" \/>\n<meta property=\"og:locale\" content=\"es_ES\" \/>\n<meta property=\"og:type\" content=\"article\" \/>\n<meta property=\"og:title\" content=\"REFLECTOR P23579-36 LED SYLVEO 200W 5000K 100-277V SYLVANIA - Electricos Importados\" \/>\n<meta property=\"og:description\" content=\"Sylveo LED es una completa gama de proyector de uso interior o exterior para reemplazar los tradicionales reflectores de HID\" \/>\n<meta property=\"og:url\" content=\"https:\/\/www.eimpsa.com\/web\/producto\/reflector-p23579-36-led-sylveo-200w-5000k-100-277v-sylvania-6\/\" \/>\n<meta property=\"og:site_name\" content=\"Electricos Importados\" \/>\n<meta property=\"article:publisher\" content=\"https:\/\/www.facebook.com\/eimpsa\/\" \/>\n<meta property=\"article:modified_time\" content=\"2024-05-14T13:00:12+00:00\" \/>\n<meta property=\"og:image\" content=\"https:\/\/www.eimpsa.com\/web\/wp-content\/uploads\/2023\/03\/FACAHDAS-Y-EXTERIORES_Mesa-de-trabajo-1-copia-2.jpg\" \/>\n\t<meta property=\"og:image:width\" content=\"2251\" \/>\n\t<meta property=\"og:image:height\" content=\"2250\" \/>\n\t<meta property=\"og:image:type\" content=\"image\/jpeg\" \/>\n<meta name=\"twitter:card\" content=\"summary_large_image\" \/>\n<meta name=\"twitter:label1\" content=\"Tiempo de lectura\" \/>\n\t<meta name=\"twitter:data1\" content=\"1 minuto\" \/>\n<script type=\"application\/ld+json\" class=\"yoast-schema-graph\">{\"@context\":\"https:\\\/\\\/schema.org\",\"@graph\":[{\"@type\":\"WebPage\",\"@id\":\"https:\\\/\\\/www.eimpsa.com\\\/web\\\/producto\\\/reflector-p23579-36-led-sylveo-200w-5000k-100-277v-sylvania-6\\\/\",\"url\":\"https:\\\/\\\/www.eimpsa.com\\\/web\\\/producto\\\/reflector-p23579-36-led-sylveo-200w-5000k-100-277v-sylvania-6\\\/\",\"name\":\"REFLECTOR P23579-36 LED SYLVEO 200W 5000K 100-277V SYLVANIA - Electricos Importados\",\"isPartOf\":{\"@id\":\"https:\\\/\\\/www.eimpsa.com\\\/web\\\/#website\"},\"primaryImageOfPage\":{\"@id\":\"https:\\\/\\\/www.eimpsa.com\\\/web\\\/producto\\\/reflector-p23579-36-led-sylveo-200w-5000k-100-277v-sylvania-6\\\/#primaryimage\"},\"image\":{\"@id\":\"https:\\\/\\\/www.eimpsa.com\\\/web\\\/producto\\\/reflector-p23579-36-led-sylveo-200w-5000k-100-277v-sylvania-6\\\/#primaryimage\"},\"thumbnailUrl\":\"https:\\\/\\\/www.eimpsa.com\\\/web\\\/wp-content\\\/uploads\\\/2023\\\/03\\\/FACAHDAS-Y-EXTERIORES_Mesa-de-trabajo-1-copia-2.jpg\",\"datePublished\":\"2023-03-06T20:41:06+00:00\",\"dateModified\":\"2024-05-14T13:00:12+00:00\",\"description\":\"Sylveo LED es una completa gama de proyector de uso interior o exterior para reemplazar los tradicionales reflectores de HID\",\"breadcrumb\":{\"@id\":\"https:\\\/\\\/www.eimpsa.com\\\/web\\\/producto\\\/reflector-p23579-36-led-sylveo-200w-5000k-100-277v-sylvania-6\\\/#breadcrumb\"},\"inLanguage\":\"es\",\"potentialAction\":[{\"@type\":\"ReadAction\",\"target\":[\"https:\\\/\\\/www.eimpsa.com\\\/web\\\/producto\\\/reflector-p23579-36-led-sylveo-200w-5000k-100-277v-sylvania-6\\\/\"]}]},{\"@type\":\"ImageObject\",\"inLanguage\":\"es\",\"@id\":\"https:\\\/\\\/www.eimpsa.com\\\/web\\\/producto\\\/reflector-p23579-36-led-sylveo-200w-5000k-100-277v-sylvania-6\\\/#primaryimage\",\"url\":\"https:\\\/\\\/www.eimpsa.com\\\/web\\\/wp-content\\\/uploads\\\/2023\\\/03\\\/FACAHDAS-Y-EXTERIORES_Mesa-de-trabajo-1-copia-2.jpg\",\"contentUrl\":\"https:\\\/\\\/www.eimpsa.com\\\/web\\\/wp-content\\\/uploads\\\/2023\\\/03\\\/FACAHDAS-Y-EXTERIORES_Mesa-de-trabajo-1-copia-2.jpg\",\"width\":2251,\"height\":2250,\"caption\":\"FACAHDAS Y EXTERIORES\"},{\"@type\":\"BreadcrumbList\",\"@id\":\"https:\\\/\\\/www.eimpsa.com\\\/web\\\/producto\\\/reflector-p23579-36-led-sylveo-200w-5000k-100-277v-sylvania-6\\\/#breadcrumb\",\"itemListElement\":[{\"@type\":\"ListItem\",\"position\":1,\"name\":\"Portada\",\"item\":\"https:\\\/\\\/www.eimpsa.com\\\/web\\\/\"},{\"@type\":\"ListItem\",\"position\":2,\"name\":\"Tienda\",\"item\":\"https:\\\/\\\/www.eimpsa.com\\\/web\\\/tienda-virtual-eimpsa-productos-electricos-industriales\\\/\"},{\"@type\":\"ListItem\",\"position\":3,\"name\":\"REFLECTOR P23579-36 LED SYLVEO 200W 5000K 100-277V SYLVANIA\"}]},{\"@type\":\"WebSite\",\"@id\":\"https:\\\/\\\/www.eimpsa.com\\\/web\\\/#website\",\"url\":\"https:\\\/\\\/www.eimpsa.com\\\/web\\\/\",\"name\":\"EIMPSA Electricos Importados\",\"description\":\"Materiales El\u00e9ctricos\",\"publisher\":{\"@id\":\"https:\\\/\\\/www.eimpsa.com\\\/web\\\/#organization\"},\"alternateName\":\"eimpsa\",\"potentialAction\":[{\"@type\":\"SearchAction\",\"target\":{\"@type\":\"EntryPoint\",\"urlTemplate\":\"https:\\\/\\\/www.eimpsa.com\\\/web\\\/?s={search_term_string}\"},\"query-input\":{\"@type\":\"PropertyValueSpecification\",\"valueRequired\":true,\"valueName\":\"search_term_string\"}}],\"inLanguage\":\"es\"},{\"@type\":\"Organization\",\"@id\":\"https:\\\/\\\/www.eimpsa.com\\\/web\\\/#organization\",\"name\":\"EIMPSA El\u00e9ctricos Importados S.A.S\",\"url\":\"https:\\\/\\\/www.eimpsa.com\\\/web\\\/\",\"logo\":{\"@type\":\"ImageObject\",\"inLanguage\":\"es\",\"@id\":\"https:\\\/\\\/www.eimpsa.com\\\/web\\\/#\\\/schema\\\/logo\\\/image\\\/\",\"url\":\"https:\\\/\\\/www.eimpsa.com\\\/web\\\/wp-content\\\/uploads\\\/2023\\\/10\\\/EIMPSA-Versiones-RGB_Base.png\",\"contentUrl\":\"https:\\\/\\\/www.eimpsa.com\\\/web\\\/wp-content\\\/uploads\\\/2023\\\/10\\\/EIMPSA-Versiones-RGB_Base.png\",\"width\":1471,\"height\":473,\"caption\":\"EIMPSA El\u00e9ctricos Importados S.A.S\"},\"image\":{\"@id\":\"https:\\\/\\\/www.eimpsa.com\\\/web\\\/#\\\/schema\\\/logo\\\/image\\\/\"},\"sameAs\":[\"https:\\\/\\\/www.facebook.com\\\/eimpsa\\\/\",\"https:\\\/\\\/www.linkedin.com\\\/company\\\/el-ctricos-importados-s-a-\\\/\",\"https:\\\/\\\/www.youtube.com\\\/channel\\\/UCaCHlQ9m86kFaeAq_dMUOHg?view_as=subscriber\",\"https:\\\/\\\/www.instagram.com\\\/eimpsa_electricos_importados\\\/\"]}]}<\/script>\n<!-- \/ Yoast SEO plugin. -->","yoast_head_json":{"title":"REFLECTOR P23579-36 LED SYLVEO 200W 5000K 100-277V SYLVANIA - Electricos Importados","description":"Sylveo LED es una completa gama de proyector de uso interior o exterior para reemplazar los tradicionales reflectores de HID","robots":{"index":"index","follow":"follow","max-snippet":"max-snippet:-1","max-image-preview":"max-image-preview:large","max-video-preview":"max-video-preview:-1"},"canonical":"https:\/\/www.eimpsa.com\/web\/producto\/reflector-p23579-36-led-sylveo-200w-5000k-100-277v-sylvania-6\/","og_locale":"es_ES","og_type":"article","og_title":"REFLECTOR P23579-36 LED SYLVEO 200W 5000K 100-277V SYLVANIA - Electricos Importados","og_description":"Sylveo LED es una completa gama de proyector de uso interior o exterior para reemplazar los tradicionales reflectores de HID","og_url":"https:\/\/www.eimpsa.com\/web\/producto\/reflector-p23579-36-led-sylveo-200w-5000k-100-277v-sylvania-6\/","og_site_name":"Electricos Importados","article_publisher":"https:\/\/www.facebook.com\/eimpsa\/","article_modified_time":"2024-05-14T13:00:12+00:00","og_image":[{"width":2251,"height":2250,"url":"https:\/\/www.eimpsa.com\/web\/wp-content\/uploads\/2023\/03\/FACAHDAS-Y-EXTERIORES_Mesa-de-trabajo-1-copia-2.jpg","type":"image\/jpeg"}],"twitter_card":"summary_large_image","twitter_misc":{"Tiempo de lectura":"1 minuto"},"schema":{"@context":"https:\/\/schema.org","@graph":[{"@type":"WebPage","@id":"https:\/\/www.eimpsa.com\/web\/producto\/reflector-p23579-36-led-sylveo-200w-5000k-100-277v-sylvania-6\/","url":"https:\/\/www.eimpsa.com\/web\/producto\/reflector-p23579-36-led-sylveo-200w-5000k-100-277v-sylvania-6\/","name":"REFLECTOR P23579-36 LED SYLVEO 200W 5000K 100-277V SYLVANIA - Electricos Importados","isPartOf":{"@id":"https:\/\/www.eimpsa.com\/web\/#website"},"primaryImageOfPage":{"@id":"https:\/\/www.eimpsa.com\/web\/producto\/reflector-p23579-36-led-sylveo-200w-5000k-100-277v-sylvania-6\/#primaryimage"},"image":{"@id":"https:\/\/www.eimpsa.com\/web\/producto\/reflector-p23579-36-led-sylveo-200w-5000k-100-277v-sylvania-6\/#primaryimage"},"thumbnailUrl":"https:\/\/www.eimpsa.com\/web\/wp-content\/uploads\/2023\/03\/FACAHDAS-Y-EXTERIORES_Mesa-de-trabajo-1-copia-2.jpg","datePublished":"2023-03-06T20:41:06+00:00","dateModified":"2024-05-14T13:00:12+00:00","description":"Sylveo LED es una completa gama de proyector de uso interior o exterior para reemplazar los tradicionales reflectores de HID","breadcrumb":{"@id":"https:\/\/www.eimpsa.com\/web\/producto\/reflector-p23579-36-led-sylveo-200w-5000k-100-277v-sylvania-6\/#breadcrumb"},"inLanguage":"es","potentialAction":[{"@type":"ReadAction","target":["https:\/\/www.eimpsa.com\/web\/producto\/reflector-p23579-36-led-sylveo-200w-5000k-100-277v-sylvania-6\/"]}]},{"@type":"ImageObject","inLanguage":"es","@id":"https:\/\/www.eimpsa.com\/web\/producto\/reflector-p23579-36-led-sylveo-200w-5000k-100-277v-sylvania-6\/#primaryimage","url":"https:\/\/www.eimpsa.com\/web\/wp-content\/uploads\/2023\/03\/FACAHDAS-Y-EXTERIORES_Mesa-de-trabajo-1-copia-2.jpg","contentUrl":"https:\/\/www.eimpsa.com\/web\/wp-content\/uploads\/2023\/03\/FACAHDAS-Y-EXTERIORES_Mesa-de-trabajo-1-copia-2.jpg","width":2251,"height":2250,"caption":"FACAHDAS Y EXTERIORES"},{"@type":"BreadcrumbList","@id":"https:\/\/www.eimpsa.com\/web\/producto\/reflector-p23579-36-led-sylveo-200w-5000k-100-277v-sylvania-6\/#breadcrumb","itemListElement":[{"@type":"ListItem","position":1,"name":"Portada","item":"https:\/\/www.eimpsa.com\/web\/"},{"@type":"ListItem","position":2,"name":"Tienda","item":"https:\/\/www.eimpsa.com\/web\/tienda-virtual-eimpsa-productos-electricos-industriales\/"},{"@type":"ListItem","position":3,"name":"REFLECTOR P23579-36 LED SYLVEO 200W 5000K 100-277V SYLVANIA"}]},{"@type":"WebSite","@id":"https:\/\/www.eimpsa.com\/web\/#website","url":"https:\/\/www.eimpsa.com\/web\/","name":"EIMPSA Electricos Importados","description":"Materiales El\u00e9ctricos","publisher":{"@id":"https:\/\/www.eimpsa.com\/web\/#organization"},"alternateName":"eimpsa","potentialAction":[{"@type":"SearchAction","target":{"@type":"EntryPoint","urlTemplate":"https:\/\/www.eimpsa.com\/web\/?s={search_term_string}"},"query-input":{"@type":"PropertyValueSpecification","valueRequired":true,"valueName":"search_term_string"}}],"inLanguage":"es"},{"@type":"Organization","@id":"https:\/\/www.eimpsa.com\/web\/#organization","name":"EIMPSA El\u00e9ctricos Importados S.A.S","url":"https:\/\/www.eimpsa.com\/web\/","logo":{"@type":"ImageObject","inLanguage":"es","@id":"https:\/\/www.eimpsa.com\/web\/#\/schema\/logo\/image\/","url":"https:\/\/www.eimpsa.com\/web\/wp-content\/uploads\/2023\/10\/EIMPSA-Versiones-RGB_Base.png","contentUrl":"https:\/\/www.eimpsa.com\/web\/wp-content\/uploads\/2023\/10\/EIMPSA-Versiones-RGB_Base.png","width":1471,"height":473,"caption":"EIMPSA El\u00e9ctricos Importados S.A.S"},"image":{"@id":"https:\/\/www.eimpsa.com\/web\/#\/schema\/logo\/image\/"},"sameAs":["https:\/\/www.facebook.com\/eimpsa\/","https:\/\/www.linkedin.com\/company\/el-ctricos-importados-s-a-\/","https:\/\/www.youtube.com\/channel\/UCaCHlQ9m86kFaeAq_dMUOHg?view_as=subscriber","https:\/\/www.instagram.com\/eimpsa_electricos_importados\/"]}]}},"_links":{"self":[{"href":"https:\/\/www.eimpsa.com\/web\/wp-json\/wp\/v2\/product\/19405","targetHints":{"allow":["GET"]}}],"collection":[{"href":"https:\/\/www.eimpsa.com\/web\/wp-json\/wp\/v2\/product"}],"about":[{"href":"https:\/\/www.eimpsa.com\/web\/wp-json\/wp\/v2\/types\/product"}],"replies":[{"embeddable":true,"href":"https:\/\/www.eimpsa.com\/web\/wp-json\/wp\/v2\/comments?post=19405"}],"version-history":[{"count":6,"href":"https:\/\/www.eimpsa.com\/web\/wp-json\/wp\/v2\/product\/19405\/revisions"}],"predecessor-version":[{"id":20239,"href":"https:\/\/www.eimpsa.com\/web\/wp-json\/wp\/v2\/product\/19405\/revisions\/20239"}],"wp:featuredmedia":[{"embeddable":true,"href":"https:\/\/www.eimpsa.com\/web\/wp-json\/wp\/v2\/media\/20240"}],"wp:attachment":[{"href":"https:\/\/www.eimpsa.com\/web\/wp-json\/wp\/v2\/media?parent=19405"}],"wp:term":[{"taxonomy":"product_cat","embeddable":true,"href":"https:\/\/www.eimpsa.com\/web\/wp-json\/wp\/v2\/product_cat?post=19405"},{"taxonomy":"product_tag","embeddable":true,"href":"https:\/\/www.eimpsa.com\/web\/wp-json\/wp\/v2\/product_tag?post=19405"}],"curies":[{"name":"wp","href":"https:\/\/api.w.org\/{rel}","templated":true}]}}