{"id":574,"date":"2018-01-12T21:03:30","date_gmt":"2018-01-12T21:03:30","guid":{"rendered":"http:\/\/www.eimpsa.com\/?page_id=574"},"modified":"2024-04-01T10:01:11","modified_gmt":"2024-04-01T15:01:11","slug":"solution-partner","status":"publish","type":"page","link":"https:\/\/www.eimpsa.com\/web\/empresa\/solution-partner\/","title":{"rendered":"SOLUTION PARTNER"},"content":{"rendered":"\t\t<div data-elementor-type=\"wp-post\" data-elementor-id=\"574\" class=\"elementor elementor-574\" data-elementor-settings=\"[]\">\n\t\t\t\t\t\t<div class=\"elementor-inner\">\n\t\t\t\t\t\t\t<div class=\"elementor-section-wrap\">\n\t\t\t\t\t\t\t<section class=\"elementor-section elementor-top-section elementor-element elementor-element-712f4e28 elementor-section-boxed elementor-section-height-default elementor-section-height-default\" data-id=\"712f4e28\" data-element_type=\"section\" id=\"certificaciones\">\n\t\t\t\t\t\t<div class=\"elementor-container elementor-column-gap-wide\">\n\t\t\t\t\t\t\t<div class=\"elementor-row\">\n\t\t\t\t\t<div class=\"elementor-column elementor-col-50 elementor-top-column elementor-element elementor-element-2f345779\" data-id=\"2f345779\" data-element_type=\"column\">\n\t\t\t<div class=\"elementor-column-wrap elementor-element-populated\">\n\t\t\t\t\t\t\t<div class=\"elementor-widget-wrap\">\n\t\t\t\t\t\t<div class=\"elementor-element elementor-element-19ce2cdb elementor-invisible elementor-widget elementor-widget-heading\" data-id=\"19ce2cdb\" data-element_type=\"widget\" data-settings=\"{&quot;_animation&quot;:&quot;bounceIn&quot;}\" data-widget_type=\"heading.default\">\n\t\t\t\t<div class=\"elementor-widget-container\">\n\t\t\t<h2 class=\"elementor-heading-title elementor-size-xl\">SOLUTION PARTNER<\/h2>\t\t<\/div>\n\t\t\t\t<\/div>\n\t\t\t\t<div class=\"elementor-element elementor-element-5e8eb3f3 elementor-widget elementor-widget-image\" data-id=\"5e8eb3f3\" data-element_type=\"widget\" data-widget_type=\"image.default\">\n\t\t\t\t<div class=\"elementor-widget-container\">\n\t\t\t\t\t<div class=\"elementor-image\">\n\t\t\t\t\t\t\t\t\t\t<img loading=\"lazy\" decoding=\"async\" width=\"496\" height=\"241\" src=\"https:\/\/www.eimpsa.com\/web\/wp-content\/uploads\/2017\/11\/Solution-partner-PNG-2.png\" class=\"attachment-medium_large size-medium_large\" alt=\"Eimpsa solution partner siemens\" srcset=\"https:\/\/www.eimpsa.com\/web\/wp-content\/uploads\/2017\/11\/Solution-partner-PNG-2.png 496w, https:\/\/www.eimpsa.com\/web\/wp-content\/uploads\/2017\/11\/Solution-partner-PNG-2-300x146.png 300w\" sizes=\"auto, (max-width: 496px) 100vw, 496px\" \/>\t\t\t\t\t\t\t\t\t\t\t<\/div>\n\t\t\t\t<\/div>\n\t\t\t\t<\/div>\n\t\t\t\t<div class=\"elementor-element elementor-element-4db23f1a elementor-widget elementor-widget-text-editor\" data-id=\"4db23f1a\" data-element_type=\"widget\" data-widget_type=\"text-editor.default\">\n\t\t\t\t<div class=\"elementor-widget-container\">\n\t\t\t\t\t<div class=\"elementor-text-editor elementor-clearfix\"><p>Integrador de siemens en Drive &amp; Motion, con conocimientos para desarrollar soluciones eficaces y a la medida, teniendo una competencia t\u00e9cnica en los convertidores de frecuencia Siemens, desde el Asesoramiento, hasta la ingenier\u00eda y la configuraci\u00f3n de aplicaciones espec\u00edficas para dar a nuestros clientes siempre la mejor calidad y garant\u00eda.<\/p><\/div>\n\t\t\t\t<\/div>\n\t\t\t\t<\/div>\n\t\t\t\t\t\t<\/div>\n\t\t\t\t\t<\/div>\n\t\t<\/div>\n\t\t\t\t<div class=\"elementor-column elementor-col-50 elementor-top-column elementor-element elementor-element-e65c7e7\" data-id=\"e65c7e7\" data-element_type=\"column\">\n\t\t\t<div class=\"elementor-column-wrap elementor-element-populated\">\n\t\t\t\t\t\t\t<div class=\"elementor-widget-wrap\">\n\t\t\t\t\t\t<div class=\"elementor-element elementor-element-cdf7b72 elementor-invisible elementor-widget elementor-widget-heading\" data-id=\"cdf7b72\" data-element_type=\"widget\" data-settings=\"{&quot;_animation&quot;:&quot;bounceIn&quot;}\" data-widget_type=\"heading.default\">\n\t\t\t\t<div class=\"elementor-widget-container\">\n\t\t\t<h2 class=\"elementor-heading-title elementor-size-xl\">APPROVED PARTNER<\/h2>\t\t<\/div>\n\t\t\t\t<\/div>\n\t\t\t\t<div class=\"elementor-element elementor-element-5c419ad elementor-widget elementor-widget-image\" data-id=\"5c419ad\" data-element_type=\"widget\" data-widget_type=\"image.default\">\n\t\t\t\t<div class=\"elementor-widget-container\">\n\t\t\t\t\t<div class=\"elementor-image\">\n\t\t\t\t\t\t\t\t\t\t<img loading=\"lazy\" decoding=\"async\" width=\"385\" height=\"188\" src=\"https:\/\/www.eimpsa.com\/web\/wp-content\/uploads\/2018\/09\/Approved-PartnerWEB2.jpg\" class=\"attachment-medium_large size-medium_large\" alt=\"EIMPSA Approved Partner SIEMENS\" srcset=\"https:\/\/www.eimpsa.com\/web\/wp-content\/uploads\/2018\/09\/Approved-PartnerWEB2.jpg 385w, https:\/\/www.eimpsa.com\/web\/wp-content\/uploads\/2018\/09\/Approved-PartnerWEB2-300x146.jpg 300w\" sizes=\"auto, (max-width: 385px) 100vw, 385px\" \/>\t\t\t\t\t\t\t\t\t\t\t<\/div>\n\t\t\t\t<\/div>\n\t\t\t\t<\/div>\n\t\t\t\t<div class=\"elementor-element elementor-element-80ee0e2 elementor-widget elementor-widget-text-editor\" data-id=\"80ee0e2\" data-element_type=\"widget\" data-widget_type=\"text-editor.default\">\n\t\t\t\t<div class=\"elementor-widget-container\">\n\t\t\t\t\t<div class=\"elementor-text-editor elementor-clearfix\"><p>Este Approved Partner se ha calificado en Siemens para los m\u00f3dulos siguientes y, por ello, recibe peri\u00f3dicamente informaci\u00f3n y formaci\u00f3n t\u00e9cnicas sobre los desarrollos m\u00e1s actuales a nivel de producto. Para estar siempre certificado, el partner debe someterse a pruebas y\/auditor\u00edas estandarizadas para todo el mundo.<\/p><p><a href=\"https:\/\/www.eimpsa.com\/web\/wp-content\/uploads\/2024\/04\/S4SGenerate_Certificate-Siemens-2024-QR.pdf\" target=\"_blank\" rel=\"noopener\"><span style=\"text-decoration: underline;\">Ver certificado<\/span><\/a><\/p><\/div>\n\t\t\t\t<\/div>\n\t\t\t\t<\/div>\n\t\t\t\t\t\t<\/div>\n\t\t\t\t\t<\/div>\n\t\t<\/div>\n\t\t\t\t\t\t\t\t<\/div>\n\t\t\t\t\t<\/div>\n\t\t<\/section>\n\t\t\t\t\t\t<\/div>\n\t\t\t\t\t\t<\/div>\n\t\t\t\t\t<\/div>\n\t\t<p>Visits: 441<\/p>","protected":false},"excerpt":{"rendered":"<p>SOLUTION PARTNER Integrador de siemens en Drive &amp; Motion, con conocimientos para desarrollar soluciones eficaces y a la medida, teniendo una competencia t\u00e9cnica en los convertidores de frecuencia Siemens, desde el Asesoramiento, hasta la ingenier\u00eda y la configuraci\u00f3n de aplicaciones espec\u00edficas para dar a nuestros clientes siempre la mejor calidad y garant\u00eda. APPROVED PARTNER Este [&hellip;]<\/p>\n","protected":false},"author":1,"featured_media":0,"parent":2,"menu_order":0,"comment_status":"closed","ping_status":"closed","template":"","meta":{"footnotes":""},"class_list":["post-574","page","type-page","status-publish","hentry"],"yoast_head":"<!-- This site is optimized with the Yoast SEO plugin v27.4 - https:\/\/yoast.com\/product\/yoast-seo-wordpress\/ -->\n<title>Certificado EIMPSA solution partner siemens<\/title>\n<meta name=\"description\" content=\"EIMPSA Siemens Solution Partner\" \/>\n<meta name=\"robots\" content=\"index, follow, max-snippet:-1, max-image-preview:large, max-video-preview:-1\" \/>\n<link rel=\"canonical\" href=\"https:\/\/www.eimpsa.com\/web\/empresa\/solution-partner\/\" \/>\n<meta property=\"og:locale\" content=\"es_ES\" \/>\n<meta property=\"og:type\" content=\"article\" \/>\n<meta property=\"og:title\" content=\"Certificado EIMPSA solution partner siemens\" \/>\n<meta property=\"og:description\" content=\"EIMPSA Siemens Solution Partner\" \/>\n<meta property=\"og:url\" content=\"https:\/\/www.eimpsa.com\/web\/empresa\/solution-partner\/\" \/>\n<meta property=\"og:site_name\" content=\"Electricos Importados\" \/>\n<meta property=\"article:publisher\" content=\"https:\/\/www.facebook.com\/eimpsa\/\" \/>\n<meta property=\"article:modified_time\" content=\"2024-04-01T15:01:11+00:00\" \/>\n<meta property=\"og:image\" content=\"https:\/\/www.eimpsa.com\/web\/wp-content\/uploads\/2017\/11\/Solution-partner-PNG-2.png\" \/>\n<meta name=\"twitter:card\" content=\"summary_large_image\" \/>\n<meta name=\"twitter:label1\" content=\"Tiempo de lectura\" \/>\n\t<meta name=\"twitter:data1\" content=\"1 minuto\" \/>\n<script type=\"application\/ld+json\" class=\"yoast-schema-graph\">{\"@context\":\"https:\\\/\\\/schema.org\",\"@graph\":[{\"@type\":\"WebPage\",\"@id\":\"https:\\\/\\\/www.eimpsa.com\\\/web\\\/empresa\\\/solution-partner\\\/\",\"url\":\"https:\\\/\\\/www.eimpsa.com\\\/web\\\/empresa\\\/solution-partner\\\/\",\"name\":\"Certificado EIMPSA solution partner siemens\",\"isPartOf\":{\"@id\":\"https:\\\/\\\/www.eimpsa.com\\\/web\\\/#website\"},\"primaryImageOfPage\":{\"@id\":\"https:\\\/\\\/www.eimpsa.com\\\/web\\\/empresa\\\/solution-partner\\\/#primaryimage\"},\"image\":{\"@id\":\"https:\\\/\\\/www.eimpsa.com\\\/web\\\/empresa\\\/solution-partner\\\/#primaryimage\"},\"thumbnailUrl\":\"https:\\\/\\\/www.eimpsa.com\\\/web\\\/wp-content\\\/uploads\\\/2017\\\/11\\\/Solution-partner-PNG-2.png\",\"datePublished\":\"2018-01-12T21:03:30+00:00\",\"dateModified\":\"2024-04-01T15:01:11+00:00\",\"description\":\"EIMPSA Siemens Solution Partner\",\"breadcrumb\":{\"@id\":\"https:\\\/\\\/www.eimpsa.com\\\/web\\\/empresa\\\/solution-partner\\\/#breadcrumb\"},\"inLanguage\":\"es\",\"potentialAction\":[{\"@type\":\"ReadAction\",\"target\":[\"https:\\\/\\\/www.eimpsa.com\\\/web\\\/empresa\\\/solution-partner\\\/\"]}]},{\"@type\":\"ImageObject\",\"inLanguage\":\"es\",\"@id\":\"https:\\\/\\\/www.eimpsa.com\\\/web\\\/empresa\\\/solution-partner\\\/#primaryimage\",\"url\":\"https:\\\/\\\/www.eimpsa.com\\\/web\\\/wp-content\\\/uploads\\\/2017\\\/11\\\/Solution-partner-PNG-2.png\",\"contentUrl\":\"https:\\\/\\\/www.eimpsa.com\\\/web\\\/wp-content\\\/uploads\\\/2017\\\/11\\\/Solution-partner-PNG-2.png\",\"width\":496,\"height\":241,\"caption\":\"Certificado Siemens solution partner EIMPSA\"},{\"@type\":\"BreadcrumbList\",\"@id\":\"https:\\\/\\\/www.eimpsa.com\\\/web\\\/empresa\\\/solution-partner\\\/#breadcrumb\",\"itemListElement\":[{\"@type\":\"ListItem\",\"position\":1,\"name\":\"Portada\",\"item\":\"https:\\\/\\\/www.eimpsa.com\\\/web\\\/\"},{\"@type\":\"ListItem\",\"position\":2,\"name\":\"Empresa\",\"item\":\"https:\\\/\\\/www.eimpsa.com\\\/web\\\/empresa\\\/\"},{\"@type\":\"ListItem\",\"position\":3,\"name\":\"SOLUTION PARTNER\"}]},{\"@type\":\"WebSite\",\"@id\":\"https:\\\/\\\/www.eimpsa.com\\\/web\\\/#website\",\"url\":\"https:\\\/\\\/www.eimpsa.com\\\/web\\\/\",\"name\":\"EIMPSA Electricos Importados\",\"description\":\"Materiales El\u00e9ctricos\",\"publisher\":{\"@id\":\"https:\\\/\\\/www.eimpsa.com\\\/web\\\/#organization\"},\"alternateName\":\"eimpsa\",\"potentialAction\":[{\"@type\":\"SearchAction\",\"target\":{\"@type\":\"EntryPoint\",\"urlTemplate\":\"https:\\\/\\\/www.eimpsa.com\\\/web\\\/?s={search_term_string}\"},\"query-input\":{\"@type\":\"PropertyValueSpecification\",\"valueRequired\":true,\"valueName\":\"search_term_string\"}}],\"inLanguage\":\"es\"},{\"@type\":\"Organization\",\"@id\":\"https:\\\/\\\/www.eimpsa.com\\\/web\\\/#organization\",\"name\":\"EIMPSA El\u00e9ctricos Importados S.A.S\",\"url\":\"https:\\\/\\\/www.eimpsa.com\\\/web\\\/\",\"logo\":{\"@type\":\"ImageObject\",\"inLanguage\":\"es\",\"@id\":\"https:\\\/\\\/www.eimpsa.com\\\/web\\\/#\\\/schema\\\/logo\\\/image\\\/\",\"url\":\"https:\\\/\\\/www.eimpsa.com\\\/web\\\/wp-content\\\/uploads\\\/2023\\\/10\\\/EIMPSA-Versiones-RGB_Base.png\",\"contentUrl\":\"https:\\\/\\\/www.eimpsa.com\\\/web\\\/wp-content\\\/uploads\\\/2023\\\/10\\\/EIMPSA-Versiones-RGB_Base.png\",\"width\":1471,\"height\":473,\"caption\":\"EIMPSA El\u00e9ctricos Importados S.A.S\"},\"image\":{\"@id\":\"https:\\\/\\\/www.eimpsa.com\\\/web\\\/#\\\/schema\\\/logo\\\/image\\\/\"},\"sameAs\":[\"https:\\\/\\\/www.facebook.com\\\/eimpsa\\\/\",\"https:\\\/\\\/www.linkedin.com\\\/company\\\/el-ctricos-importados-s-a-\\\/\",\"https:\\\/\\\/www.youtube.com\\\/channel\\\/UCaCHlQ9m86kFaeAq_dMUOHg?view_as=subscriber\",\"https:\\\/\\\/www.instagram.com\\\/eimpsa_electricos_importados\\\/\"]}]}<\/script>\n<!-- \/ Yoast SEO plugin. -->","yoast_head_json":{"title":"Certificado EIMPSA solution partner siemens","description":"EIMPSA Siemens Solution Partner","robots":{"index":"index","follow":"follow","max-snippet":"max-snippet:-1","max-image-preview":"max-image-preview:large","max-video-preview":"max-video-preview:-1"},"canonical":"https:\/\/www.eimpsa.com\/web\/empresa\/solution-partner\/","og_locale":"es_ES","og_type":"article","og_title":"Certificado EIMPSA solution partner siemens","og_description":"EIMPSA Siemens Solution Partner","og_url":"https:\/\/www.eimpsa.com\/web\/empresa\/solution-partner\/","og_site_name":"Electricos Importados","article_publisher":"https:\/\/www.facebook.com\/eimpsa\/","article_modified_time":"2024-04-01T15:01:11+00:00","og_image":[{"url":"https:\/\/www.eimpsa.com\/web\/wp-content\/uploads\/2017\/11\/Solution-partner-PNG-2.png","type":"","width":"","height":""}],"twitter_card":"summary_large_image","twitter_misc":{"Tiempo de lectura":"1 minuto"},"schema":{"@context":"https:\/\/schema.org","@graph":[{"@type":"WebPage","@id":"https:\/\/www.eimpsa.com\/web\/empresa\/solution-partner\/","url":"https:\/\/www.eimpsa.com\/web\/empresa\/solution-partner\/","name":"Certificado EIMPSA solution partner siemens","isPartOf":{"@id":"https:\/\/www.eimpsa.com\/web\/#website"},"primaryImageOfPage":{"@id":"https:\/\/www.eimpsa.com\/web\/empresa\/solution-partner\/#primaryimage"},"image":{"@id":"https:\/\/www.eimpsa.com\/web\/empresa\/solution-partner\/#primaryimage"},"thumbnailUrl":"https:\/\/www.eimpsa.com\/web\/wp-content\/uploads\/2017\/11\/Solution-partner-PNG-2.png","datePublished":"2018-01-12T21:03:30+00:00","dateModified":"2024-04-01T15:01:11+00:00","description":"EIMPSA Siemens Solution Partner","breadcrumb":{"@id":"https:\/\/www.eimpsa.com\/web\/empresa\/solution-partner\/#breadcrumb"},"inLanguage":"es","potentialAction":[{"@type":"ReadAction","target":["https:\/\/www.eimpsa.com\/web\/empresa\/solution-partner\/"]}]},{"@type":"ImageObject","inLanguage":"es","@id":"https:\/\/www.eimpsa.com\/web\/empresa\/solution-partner\/#primaryimage","url":"https:\/\/www.eimpsa.com\/web\/wp-content\/uploads\/2017\/11\/Solution-partner-PNG-2.png","contentUrl":"https:\/\/www.eimpsa.com\/web\/wp-content\/uploads\/2017\/11\/Solution-partner-PNG-2.png","width":496,"height":241,"caption":"Certificado Siemens solution partner EIMPSA"},{"@type":"BreadcrumbList","@id":"https:\/\/www.eimpsa.com\/web\/empresa\/solution-partner\/#breadcrumb","itemListElement":[{"@type":"ListItem","position":1,"name":"Portada","item":"https:\/\/www.eimpsa.com\/web\/"},{"@type":"ListItem","position":2,"name":"Empresa","item":"https:\/\/www.eimpsa.com\/web\/empresa\/"},{"@type":"ListItem","position":3,"name":"SOLUTION PARTNER"}]},{"@type":"WebSite","@id":"https:\/\/www.eimpsa.com\/web\/#website","url":"https:\/\/www.eimpsa.com\/web\/","name":"EIMPSA Electricos Importados","description":"Materiales El\u00e9ctricos","publisher":{"@id":"https:\/\/www.eimpsa.com\/web\/#organization"},"alternateName":"eimpsa","potentialAction":[{"@type":"SearchAction","target":{"@type":"EntryPoint","urlTemplate":"https:\/\/www.eimpsa.com\/web\/?s={search_term_string}"},"query-input":{"@type":"PropertyValueSpecification","valueRequired":true,"valueName":"search_term_string"}}],"inLanguage":"es"},{"@type":"Organization","@id":"https:\/\/www.eimpsa.com\/web\/#organization","name":"EIMPSA El\u00e9ctricos Importados S.A.S","url":"https:\/\/www.eimpsa.com\/web\/","logo":{"@type":"ImageObject","inLanguage":"es","@id":"https:\/\/www.eimpsa.com\/web\/#\/schema\/logo\/image\/","url":"https:\/\/www.eimpsa.com\/web\/wp-content\/uploads\/2023\/10\/EIMPSA-Versiones-RGB_Base.png","contentUrl":"https:\/\/www.eimpsa.com\/web\/wp-content\/uploads\/2023\/10\/EIMPSA-Versiones-RGB_Base.png","width":1471,"height":473,"caption":"EIMPSA El\u00e9ctricos Importados S.A.S"},"image":{"@id":"https:\/\/www.eimpsa.com\/web\/#\/schema\/logo\/image\/"},"sameAs":["https:\/\/www.facebook.com\/eimpsa\/","https:\/\/www.linkedin.com\/company\/el-ctricos-importados-s-a-\/","https:\/\/www.youtube.com\/channel\/UCaCHlQ9m86kFaeAq_dMUOHg?view_as=subscriber","https:\/\/www.instagram.com\/eimpsa_electricos_importados\/"]}]}},"_links":{"self":[{"href":"https:\/\/www.eimpsa.com\/web\/wp-json\/wp\/v2\/pages\/574","targetHints":{"allow":["GET"]}}],"collection":[{"href":"https:\/\/www.eimpsa.com\/web\/wp-json\/wp\/v2\/pages"}],"about":[{"href":"https:\/\/www.eimpsa.com\/web\/wp-json\/wp\/v2\/types\/page"}],"author":[{"embeddable":true,"href":"https:\/\/www.eimpsa.com\/web\/wp-json\/wp\/v2\/users\/1"}],"replies":[{"embeddable":true,"href":"https:\/\/www.eimpsa.com\/web\/wp-json\/wp\/v2\/comments?post=574"}],"version-history":[{"count":13,"href":"https:\/\/www.eimpsa.com\/web\/wp-json\/wp\/v2\/pages\/574\/revisions"}],"predecessor-version":[{"id":21071,"href":"https:\/\/www.eimpsa.com\/web\/wp-json\/wp\/v2\/pages\/574\/revisions\/21071"}],"up":[{"embeddable":true,"href":"https:\/\/www.eimpsa.com\/web\/wp-json\/wp\/v2\/pages\/2"}],"wp:attachment":[{"href":"https:\/\/www.eimpsa.com\/web\/wp-json\/wp\/v2\/media?parent=574"}],"curies":[{"name":"wp","href":"https:\/\/api.w.org\/{rel}","templated":true}]}}