{"id":11,"date":"2017-10-17T17:09:24","date_gmt":"2017-10-17T17:09:24","guid":{"rendered":"http:\/\/electricosimportados.interactivos123.com\/?page_id=11"},"modified":"2026-04-23T09:36:44","modified_gmt":"2026-04-23T14:36:44","slug":"contactenos","status":"publish","type":"page","link":"https:\/\/www.eimpsa.com\/web\/contactenos\/","title":{"rendered":"Cont\u00e1ctenos"},"content":{"rendered":"\t\t<div data-elementor-type=\"wp-page\" data-elementor-id=\"11\" class=\"elementor elementor-11\" data-elementor-settings=\"[]\">\n\t\t\t\t\t\t<div class=\"elementor-inner\">\n\t\t\t\t\t\t\t<div class=\"elementor-section-wrap\">\n\t\t\t\t\t\t\t<section class=\"elementor-section elementor-top-section elementor-element elementor-element-722992d2 elementor-section-boxed elementor-section-height-default elementor-section-height-default\" data-id=\"722992d2\" data-element_type=\"section\">\n\t\t\t\t\t\t<div class=\"elementor-container elementor-column-gap-default\">\n\t\t\t\t\t\t\t<div class=\"elementor-row\">\n\t\t\t\t\t<div class=\"elementor-column elementor-col-100 elementor-top-column elementor-element elementor-element-24a2332a\" data-id=\"24a2332a\" data-element_type=\"column\">\n\t\t\t<div class=\"elementor-column-wrap elementor-element-populated\">\n\t\t\t\t\t\t\t<div class=\"elementor-widget-wrap\">\n\t\t\t\t\t\t<div class=\"elementor-element elementor-element-daedeac elementor-widget elementor-widget-text-editor\" data-id=\"daedeac\" data-element_type=\"widget\" data-widget_type=\"text-editor.default\">\n\t\t\t\t<div class=\"elementor-widget-container\">\n\t\t\t\t\t<div class=\"elementor-text-editor elementor-clearfix\"><p>&#8211;<\/p><div class=\"mapas\"><style type=\"text\/css\" id=\"gmpMapStyles_1_16058\">\r\n\t#google_map_easy_1_16058 {\r\n        width: 100%;\r\n        height: 550px;\r\n        float: ;\r\n        border: 0px solid ;\r\n        margin: 0px;\r\n    }\r\n\t#gmapControlsNum_1_16058 {\r\n\t\twidth:100%\t}\r\n\t.gmpMapDetailsContainer#gmpMapDetailsContainer_1_16058 {\r\n\t\theight:550px;\r\n\t}\r\n\t.gmp_MapPreview#google_map_easy_1_16058 {\r\n\t\t\/*position:absolute;*\/\r\n\t\twidth:100%;\r\n\t}\r\n\t#mapConElem_1_16058{\r\n\t\twidth:100%\t}\r\n\t<\/style> <div class=\"gmp_map_opts \" id=\"mapConElem_1_16058\" data-id=\"1\" data-view-id=\"1_16058\" > <div class=\"gmpMapDetailsContainer\" id=\"gmpMapDetailsContainer_1_16058\"> <i class=\"gmpKMLLayersPreloader fa fa-spinner fa-spin\" aria-hidden=\"true\" style=\"display: none;\"><\/i> <div class=\"gmp_MapPreview \" id=\"google_map_easy_1_16058\"><\/div> <\/div> <div class=\"gmpMapProControlsCon\" id=\"gmpMapProControlsCon_1_16058\"> <\/div> <div class=\"gmpMapProDirectionsCon\" id=\"gmpMapProDirectionsCon_1_16058\" > <\/div> <div class=\"gmpMapProKmlFilterCon\" id=\"gmpMapProKmlFilterCon_1_16058\" > <\/div> <div class=\"gmpSocialSharingShell gmpSocialSharingShell_1_16058\"> <\/div> <div style=\"clear: both;\"><\/div> <\/div> <style type=\"text\/css\" id=\"gmpMapStyles_3_45550\">\r\n\t#google_map_easy_3_45550 {\r\n        width: 100%;\r\n        height: 550px;\r\n        float: ;\r\n        border: 0px solid ;\r\n        margin: 0px;\r\n    }\r\n\t#gmapControlsNum_3_45550 {\r\n\t\twidth:100%\t}\r\n\t.gmpMapDetailsContainer#gmpMapDetailsContainer_3_45550 {\r\n\t\theight:550px;\r\n\t}\r\n\t.gmp_MapPreview#google_map_easy_3_45550 {\r\n\t\t\/*position:absolute;*\/\r\n\t\twidth:100%;\r\n\t}\r\n\t#mapConElem_3_45550{\r\n\t\twidth:100%\t}\r\n\t<\/style> <div class=\"gmp_map_opts \" id=\"mapConElem_3_45550\" data-id=\"3\" data-view-id=\"3_45550\" > <div class=\"gmpMapDetailsContainer\" id=\"gmpMapDetailsContainer_3_45550\"> <i class=\"gmpKMLLayersPreloader fa fa-spinner fa-spin\" aria-hidden=\"true\" style=\"display: none;\"><\/i> <div class=\"gmp_MapPreview \" id=\"google_map_easy_3_45550\"><\/div> <\/div> <div class=\"gmpMapProControlsCon\" id=\"gmpMapProControlsCon_3_45550\"> <\/div> <div class=\"gmpMapProDirectionsCon\" id=\"gmpMapProDirectionsCon_3_45550\" > <\/div> <div class=\"gmpMapProKmlFilterCon\" id=\"gmpMapProKmlFilterCon_3_45550\" > <\/div> <div class=\"gmpSocialSharingShell gmpSocialSharingShell_3_45550\"> <\/div> <div style=\"clear: both;\"><\/div> <\/div> <\/div><div>\u00a0<\/div><div><a href=\"https:\/\/api.whatsapp.com\/send?phone=573114760547&amp;text=Hola%20EIMPSA,%20necesito%20asesor\u00eda%20y%20cotizaci\u00f3n.%20Comparto%20mis%20datos:%20NIT%20y%20raz\u00f3n%20social:\" target=\"_blank\" rel=\"noopener\"><img loading=\"lazy\" decoding=\"async\" class=\"aligncenter wp-image-20718 size-medium\" src=\"https:\/\/www.eimpsa.com\/web\/wp-content\/uploads\/2023\/10\/Boton-Whatsapp-300x90.png\" alt=\"Boton-Whatsapp EIMPSA\" width=\"300\" height=\"90\" srcset=\"https:\/\/www.eimpsa.com\/web\/wp-content\/uploads\/2023\/10\/Boton-Whatsapp-300x90.png 300w, https:\/\/www.eimpsa.com\/web\/wp-content\/uploads\/2023\/10\/Boton-Whatsapp-600x180.png 600w, https:\/\/www.eimpsa.com\/web\/wp-content\/uploads\/2023\/10\/Boton-Whatsapp-64x19.png 64w, https:\/\/www.eimpsa.com\/web\/wp-content\/uploads\/2023\/10\/Boton-Whatsapp.png 628w\" sizes=\"auto, (max-width: 300px) 100vw, 300px\" \/><\/a><\/div><div>\u00a0<\/div><\/div>\n\t\t\t\t<\/div>\n\t\t\t\t<\/div>\n\t\t\t\t\t\t<\/div>\n\t\t\t\t\t<\/div>\n\t\t<\/div>\n\t\t\t\t\t\t\t\t<\/div>\n\t\t\t\t\t<\/div>\n\t\t<\/section>\n\t\t\t\t<section class=\"elementor-section elementor-top-section elementor-element elementor-element-a7aa067 elementor-section-boxed elementor-section-height-default elementor-section-height-default\" data-id=\"a7aa067\" data-element_type=\"section\">\n\t\t\t\t\t\t<div class=\"elementor-container elementor-column-gap-default\">\n\t\t\t\t\t\t\t<div class=\"elementor-row\">\n\t\t\t\t\t<div class=\"elementor-column elementor-col-100 elementor-top-column elementor-element elementor-element-7678ed4\" data-id=\"7678ed4\" data-element_type=\"column\">\n\t\t\t<div class=\"elementor-column-wrap elementor-element-populated\">\n\t\t\t\t\t\t\t<div class=\"elementor-widget-wrap\">\n\t\t\t\t\t\t<div class=\"elementor-element elementor-element-13f59f8 elementor-widget elementor-widget-heading\" data-id=\"13f59f8\" data-element_type=\"widget\" data-widget_type=\"heading.default\">\n\t\t\t\t<div class=\"elementor-widget-container\">\n\t\t\t<h2 class=\"elementor-heading-title elementor-size-default\">Nueva ubicaci\u00f3n en Barranquilla<\/h2>\t\t<\/div>\n\t\t\t\t<\/div>\n\t\t\t\t\t\t<\/div>\n\t\t\t\t\t<\/div>\n\t\t<\/div>\n\t\t\t\t\t\t\t\t<\/div>\n\t\t\t\t\t<\/div>\n\t\t<\/section>\n\t\t\t\t<section class=\"elementor-section elementor-top-section elementor-element elementor-element-22f9515 elementor-section-boxed elementor-section-height-default elementor-section-height-default\" data-id=\"22f9515\" data-element_type=\"section\">\n\t\t\t\t\t\t<div class=\"elementor-container elementor-column-gap-default\">\n\t\t\t\t\t\t\t<div class=\"elementor-row\">\n\t\t\t\t\t<div class=\"elementor-column elementor-col-33 elementor-top-column elementor-element elementor-element-9bbb318\" data-id=\"9bbb318\" data-element_type=\"column\">\n\t\t\t<div class=\"elementor-column-wrap\">\n\t\t\t\t\t\t\t<div class=\"elementor-widget-wrap\">\n\t\t\t\t\t\t\t\t<\/div>\n\t\t\t\t\t<\/div>\n\t\t<\/div>\n\t\t\t\t<div class=\"elementor-column elementor-col-33 elementor-top-column elementor-element elementor-element-89968c6\" data-id=\"89968c6\" data-element_type=\"column\">\n\t\t\t<div class=\"elementor-column-wrap elementor-element-populated\">\n\t\t\t\t\t\t\t<div class=\"elementor-widget-wrap\">\n\t\t\t\t\t\t<div class=\"elementor-element elementor-element-0a4e394 elementor-widget elementor-widget-image\" data-id=\"0a4e394\" data-element_type=\"widget\" data-widget_type=\"image.default\">\n\t\t\t\t<div class=\"elementor-widget-container\">\n\t\t\t\t\t<div class=\"elementor-image\">\n\t\t\t\t\t\t\t\t\t\t<img loading=\"lazy\" decoding=\"async\" width=\"1024\" height=\"218\" src=\"https:\/\/www.eimpsa.com\/web\/wp-content\/uploads\/2024\/12\/Lineas-PBX-EIMPSA-1024x218.jpg\" class=\"attachment-large size-large\" alt=\"Lineas PBX EIMPSA\" srcset=\"https:\/\/www.eimpsa.com\/web\/wp-content\/uploads\/2024\/12\/Lineas-PBX-EIMPSA-1024x218.jpg 1024w, https:\/\/www.eimpsa.com\/web\/wp-content\/uploads\/2024\/12\/Lineas-PBX-EIMPSA-300x64.jpg 300w, https:\/\/www.eimpsa.com\/web\/wp-content\/uploads\/2024\/12\/Lineas-PBX-EIMPSA-768x164.jpg 768w, https:\/\/www.eimpsa.com\/web\/wp-content\/uploads\/2024\/12\/Lineas-PBX-EIMPSA-1536x327.jpg 1536w, https:\/\/www.eimpsa.com\/web\/wp-content\/uploads\/2024\/12\/Lineas-PBX-EIMPSA-600x128.jpg 600w, https:\/\/www.eimpsa.com\/web\/wp-content\/uploads\/2024\/12\/Lineas-PBX-EIMPSA-64x14.jpg 64w, https:\/\/www.eimpsa.com\/web\/wp-content\/uploads\/2024\/12\/Lineas-PBX-EIMPSA.jpg 2000w\" sizes=\"auto, (max-width: 1024px) 100vw, 1024px\" \/>\t\t\t\t\t\t\t\t\t\t\t<\/div>\n\t\t\t\t<\/div>\n\t\t\t\t<\/div>\n\t\t\t\t\t\t<\/div>\n\t\t\t\t\t<\/div>\n\t\t<\/div>\n\t\t\t\t<div class=\"elementor-column elementor-col-33 elementor-top-column elementor-element elementor-element-26fc5a6\" data-id=\"26fc5a6\" data-element_type=\"column\">\n\t\t\t<div class=\"elementor-column-wrap\">\n\t\t\t\t\t\t\t<div class=\"elementor-widget-wrap\">\n\t\t\t\t\t\t\t\t<\/div>\n\t\t\t\t\t<\/div>\n\t\t<\/div>\n\t\t\t\t\t\t\t\t<\/div>\n\t\t\t\t\t<\/div>\n\t\t<\/section>\n\t\t\t\t<section class=\"elementor-section elementor-top-section elementor-element elementor-element-0dae339 elementor-section-boxed elementor-section-height-default elementor-section-height-default\" data-id=\"0dae339\" data-element_type=\"section\">\n\t\t\t\t\t\t<div class=\"elementor-container elementor-column-gap-default\">\n\t\t\t\t\t\t\t<div class=\"elementor-row\">\n\t\t\t\t\t<div class=\"elementor-column elementor-col-33 elementor-top-column elementor-element elementor-element-85f6efb\" data-id=\"85f6efb\" data-element_type=\"column\">\n\t\t\t<div class=\"elementor-column-wrap\">\n\t\t\t\t\t\t\t<div class=\"elementor-widget-wrap\">\n\t\t\t\t\t\t\t\t<\/div>\n\t\t\t\t\t<\/div>\n\t\t<\/div>\n\t\t\t\t<div class=\"elementor-column elementor-col-33 elementor-top-column elementor-element elementor-element-d5b376b\" data-id=\"d5b376b\" data-element_type=\"column\">\n\t\t\t<div class=\"elementor-column-wrap elementor-element-populated\">\n\t\t\t\t\t\t\t<div class=\"elementor-widget-wrap\">\n\t\t\t\t\t\t<div class=\"elementor-element elementor-element-6912fc7 elementor-widget elementor-widget-image\" data-id=\"6912fc7\" data-element_type=\"widget\" data-widget_type=\"image.default\">\n\t\t\t\t<div class=\"elementor-widget-container\">\n\t\t\t\t\t<div class=\"elementor-image\">\n\t\t\t\t\t\t\t\t\t\t<img decoding=\"async\" src=\"https:\/\/www.eimpsa.com\/web\/wp-content\/uploads\/2024\/12\/EIMPSA-PBX-Barranquilla.jpg\" title=\"\" alt=\"\" \/>\t\t\t\t\t\t\t\t\t\t\t<\/div>\n\t\t\t\t<\/div>\n\t\t\t\t<\/div>\n\t\t\t\t\t\t<\/div>\n\t\t\t\t\t<\/div>\n\t\t<\/div>\n\t\t\t\t<div class=\"elementor-column elementor-col-33 elementor-top-column elementor-element elementor-element-bd6cc80\" data-id=\"bd6cc80\" data-element_type=\"column\">\n\t\t\t<div class=\"elementor-column-wrap\">\n\t\t\t\t\t\t\t<div class=\"elementor-widget-wrap\">\n\t\t\t\t\t\t\t\t<\/div>\n\t\t\t\t\t<\/div>\n\t\t<\/div>\n\t\t\t\t\t\t\t\t<\/div>\n\t\t\t\t\t<\/div>\n\t\t<\/section>\n\t\t\t\t\t\t<\/div>\n\t\t\t\t\t\t<\/div>\n\t\t\t\t\t<\/div>\n\t\t<p>Visits: 11591<\/p>","protected":false},"excerpt":{"rendered":"<p>&#8211; \u00a0\u00a0 Nueva ubicaci\u00f3n en Barranquilla Visits: 11591<\/p>\n","protected":false},"author":1,"featured_media":0,"parent":0,"menu_order":0,"comment_status":"closed","ping_status":"closed","template":"","meta":{"footnotes":""},"class_list":["post-11","page","type-page","status-publish","hentry"],"yoast_head":"<!-- This site is optimized with the Yoast SEO plugin v27.5 - https:\/\/yoast.com\/product\/yoast-seo-wordpress\/ -->\n<title>Contacto EIMPSA Nuestras sedes en Bogot\u00e1, Barranquilla y Villavicencio<\/title>\n<meta name=\"description\" content=\"Cont\u00e1cto EIMPSA, comuniquese con nuestras sedes en Bogot\u00e1, Barranquilla y Villavicencio. Deje su mensaje es nuestro formulario de contacto o nuestro chat en l\u00ednea.\" \/>\n<meta name=\"robots\" content=\"index, follow, max-snippet:-1, max-image-preview:large, max-video-preview:-1\" \/>\n<link rel=\"canonical\" href=\"https:\/\/www.eimpsa.com\/web\/contactenos\/\" \/>\n<meta property=\"og:locale\" content=\"es_ES\" \/>\n<meta property=\"og:type\" content=\"article\" \/>\n<meta property=\"og:title\" content=\"Contacto EIMPSA Nuestras sedes en Bogot\u00e1, Barranquilla y Villavicencio\" \/>\n<meta property=\"og:description\" content=\"Cont\u00e1cto EIMPSA, comuniquese con nuestras sedes en Bogot\u00e1, Barranquilla y Villavicencio. Deje su mensaje es nuestro formulario de contacto o nuestro chat en l\u00ednea.\" \/>\n<meta property=\"og:url\" content=\"https:\/\/www.eimpsa.com\/web\/contactenos\/\" \/>\n<meta property=\"og:site_name\" content=\"Electricos Importados\" \/>\n<meta property=\"article:publisher\" content=\"https:\/\/www.facebook.com\/eimpsa\/\" \/>\n<meta property=\"article:modified_time\" content=\"2026-04-23T14:36:44+00:00\" \/>\n<meta property=\"og:image\" content=\"https:\/\/www.eimpsa.com\/web\/wp-content\/uploads\/2023\/10\/Boton-Whatsapp.png\" \/>\n\t<meta property=\"og:image:width\" content=\"628\" \/>\n\t<meta property=\"og:image:height\" content=\"188\" \/>\n\t<meta property=\"og:image:type\" content=\"image\/png\" \/>\n<meta name=\"twitter:card\" content=\"summary_large_image\" \/>\n<meta name=\"twitter:label1\" content=\"Tiempo de lectura\" \/>\n\t<meta name=\"twitter:data1\" content=\"1 minuto\" \/>\n<script type=\"application\/ld+json\" class=\"yoast-schema-graph\">{\"@context\":\"https:\\\/\\\/schema.org\",\"@graph\":[{\"@type\":\"WebPage\",\"@id\":\"https:\\\/\\\/www.eimpsa.com\\\/web\\\/contactenos\\\/\",\"url\":\"https:\\\/\\\/www.eimpsa.com\\\/web\\\/contactenos\\\/\",\"name\":\"Contacto EIMPSA Nuestras sedes en Bogot\u00e1, Barranquilla y Villavicencio\",\"isPartOf\":{\"@id\":\"https:\\\/\\\/www.eimpsa.com\\\/web\\\/#website\"},\"primaryImageOfPage\":{\"@id\":\"https:\\\/\\\/www.eimpsa.com\\\/web\\\/contactenos\\\/#primaryimage\"},\"image\":{\"@id\":\"https:\\\/\\\/www.eimpsa.com\\\/web\\\/contactenos\\\/#primaryimage\"},\"thumbnailUrl\":\"https:\\\/\\\/www.eimpsa.com\\\/web\\\/wp-content\\\/uploads\\\/2023\\\/10\\\/Boton-Whatsapp-300x90.png\",\"datePublished\":\"2017-10-17T17:09:24+00:00\",\"dateModified\":\"2026-04-23T14:36:44+00:00\",\"description\":\"Cont\u00e1cto EIMPSA, comuniquese con nuestras sedes en Bogot\u00e1, Barranquilla y Villavicencio. Deje su mensaje es nuestro formulario de contacto o nuestro chat en l\u00ednea.\",\"breadcrumb\":{\"@id\":\"https:\\\/\\\/www.eimpsa.com\\\/web\\\/contactenos\\\/#breadcrumb\"},\"inLanguage\":\"es\",\"potentialAction\":[{\"@type\":\"ReadAction\",\"target\":[\"https:\\\/\\\/www.eimpsa.com\\\/web\\\/contactenos\\\/\"]}]},{\"@type\":\"ImageObject\",\"inLanguage\":\"es\",\"@id\":\"https:\\\/\\\/www.eimpsa.com\\\/web\\\/contactenos\\\/#primaryimage\",\"url\":\"https:\\\/\\\/www.eimpsa.com\\\/web\\\/wp-content\\\/uploads\\\/2023\\\/10\\\/Boton-Whatsapp.png\",\"contentUrl\":\"https:\\\/\\\/www.eimpsa.com\\\/web\\\/wp-content\\\/uploads\\\/2023\\\/10\\\/Boton-Whatsapp.png\",\"width\":628,\"height\":188,\"caption\":\"Boton-Whatsapp EIMPSA\"},{\"@type\":\"BreadcrumbList\",\"@id\":\"https:\\\/\\\/www.eimpsa.com\\\/web\\\/contactenos\\\/#breadcrumb\",\"itemListElement\":[{\"@type\":\"ListItem\",\"position\":1,\"name\":\"Portada\",\"item\":\"https:\\\/\\\/www.eimpsa.com\\\/web\\\/\"},{\"@type\":\"ListItem\",\"position\":2,\"name\":\"Cont\u00e1ctenos\"}]},{\"@type\":\"WebSite\",\"@id\":\"https:\\\/\\\/www.eimpsa.com\\\/web\\\/#website\",\"url\":\"https:\\\/\\\/www.eimpsa.com\\\/web\\\/\",\"name\":\"EIMPSA Electricos Importados\",\"description\":\"Materiales El\u00e9ctricos\",\"publisher\":{\"@id\":\"https:\\\/\\\/www.eimpsa.com\\\/web\\\/#organization\"},\"alternateName\":\"eimpsa\",\"potentialAction\":[{\"@type\":\"SearchAction\",\"target\":{\"@type\":\"EntryPoint\",\"urlTemplate\":\"https:\\\/\\\/www.eimpsa.com\\\/web\\\/?s={search_term_string}\"},\"query-input\":{\"@type\":\"PropertyValueSpecification\",\"valueRequired\":true,\"valueName\":\"search_term_string\"}}],\"inLanguage\":\"es\"},{\"@type\":\"Organization\",\"@id\":\"https:\\\/\\\/www.eimpsa.com\\\/web\\\/#organization\",\"name\":\"EIMPSA El\u00e9ctricos Importados S.A.S\",\"url\":\"https:\\\/\\\/www.eimpsa.com\\\/web\\\/\",\"logo\":{\"@type\":\"ImageObject\",\"inLanguage\":\"es\",\"@id\":\"https:\\\/\\\/www.eimpsa.com\\\/web\\\/#\\\/schema\\\/logo\\\/image\\\/\",\"url\":\"https:\\\/\\\/www.eimpsa.com\\\/web\\\/wp-content\\\/uploads\\\/2023\\\/10\\\/EIMPSA-Versiones-RGB_Base.png\",\"contentUrl\":\"https:\\\/\\\/www.eimpsa.com\\\/web\\\/wp-content\\\/uploads\\\/2023\\\/10\\\/EIMPSA-Versiones-RGB_Base.png\",\"width\":1471,\"height\":473,\"caption\":\"EIMPSA El\u00e9ctricos Importados S.A.S\"},\"image\":{\"@id\":\"https:\\\/\\\/www.eimpsa.com\\\/web\\\/#\\\/schema\\\/logo\\\/image\\\/\"},\"sameAs\":[\"https:\\\/\\\/www.facebook.com\\\/eimpsa\\\/\",\"https:\\\/\\\/www.linkedin.com\\\/company\\\/el-ctricos-importados-s-a-\\\/\",\"https:\\\/\\\/www.youtube.com\\\/channel\\\/UCaCHlQ9m86kFaeAq_dMUOHg?view_as=subscriber\",\"https:\\\/\\\/www.instagram.com\\\/eimpsa_electricos_importados\\\/\"]}]}<\/script>\n<!-- \/ Yoast SEO plugin. -->","yoast_head_json":{"title":"Contacto EIMPSA Nuestras sedes en Bogot\u00e1, Barranquilla y Villavicencio","description":"Cont\u00e1cto EIMPSA, comuniquese con nuestras sedes en Bogot\u00e1, Barranquilla y Villavicencio. Deje su mensaje es nuestro formulario de contacto o nuestro chat en l\u00ednea.","robots":{"index":"index","follow":"follow","max-snippet":"max-snippet:-1","max-image-preview":"max-image-preview:large","max-video-preview":"max-video-preview:-1"},"canonical":"https:\/\/www.eimpsa.com\/web\/contactenos\/","og_locale":"es_ES","og_type":"article","og_title":"Contacto EIMPSA Nuestras sedes en Bogot\u00e1, Barranquilla y Villavicencio","og_description":"Cont\u00e1cto EIMPSA, comuniquese con nuestras sedes en Bogot\u00e1, Barranquilla y Villavicencio. Deje su mensaje es nuestro formulario de contacto o nuestro chat en l\u00ednea.","og_url":"https:\/\/www.eimpsa.com\/web\/contactenos\/","og_site_name":"Electricos Importados","article_publisher":"https:\/\/www.facebook.com\/eimpsa\/","article_modified_time":"2026-04-23T14:36:44+00:00","og_image":[{"width":628,"height":188,"url":"https:\/\/www.eimpsa.com\/web\/wp-content\/uploads\/2023\/10\/Boton-Whatsapp.png","type":"image\/png"}],"twitter_card":"summary_large_image","twitter_misc":{"Tiempo de lectura":"1 minuto"},"schema":{"@context":"https:\/\/schema.org","@graph":[{"@type":"WebPage","@id":"https:\/\/www.eimpsa.com\/web\/contactenos\/","url":"https:\/\/www.eimpsa.com\/web\/contactenos\/","name":"Contacto EIMPSA Nuestras sedes en Bogot\u00e1, Barranquilla y Villavicencio","isPartOf":{"@id":"https:\/\/www.eimpsa.com\/web\/#website"},"primaryImageOfPage":{"@id":"https:\/\/www.eimpsa.com\/web\/contactenos\/#primaryimage"},"image":{"@id":"https:\/\/www.eimpsa.com\/web\/contactenos\/#primaryimage"},"thumbnailUrl":"https:\/\/www.eimpsa.com\/web\/wp-content\/uploads\/2023\/10\/Boton-Whatsapp-300x90.png","datePublished":"2017-10-17T17:09:24+00:00","dateModified":"2026-04-23T14:36:44+00:00","description":"Cont\u00e1cto EIMPSA, comuniquese con nuestras sedes en Bogot\u00e1, Barranquilla y Villavicencio. Deje su mensaje es nuestro formulario de contacto o nuestro chat en l\u00ednea.","breadcrumb":{"@id":"https:\/\/www.eimpsa.com\/web\/contactenos\/#breadcrumb"},"inLanguage":"es","potentialAction":[{"@type":"ReadAction","target":["https:\/\/www.eimpsa.com\/web\/contactenos\/"]}]},{"@type":"ImageObject","inLanguage":"es","@id":"https:\/\/www.eimpsa.com\/web\/contactenos\/#primaryimage","url":"https:\/\/www.eimpsa.com\/web\/wp-content\/uploads\/2023\/10\/Boton-Whatsapp.png","contentUrl":"https:\/\/www.eimpsa.com\/web\/wp-content\/uploads\/2023\/10\/Boton-Whatsapp.png","width":628,"height":188,"caption":"Boton-Whatsapp EIMPSA"},{"@type":"BreadcrumbList","@id":"https:\/\/www.eimpsa.com\/web\/contactenos\/#breadcrumb","itemListElement":[{"@type":"ListItem","position":1,"name":"Portada","item":"https:\/\/www.eimpsa.com\/web\/"},{"@type":"ListItem","position":2,"name":"Cont\u00e1ctenos"}]},{"@type":"WebSite","@id":"https:\/\/www.eimpsa.com\/web\/#website","url":"https:\/\/www.eimpsa.com\/web\/","name":"EIMPSA Electricos Importados","description":"Materiales El\u00e9ctricos","publisher":{"@id":"https:\/\/www.eimpsa.com\/web\/#organization"},"alternateName":"eimpsa","potentialAction":[{"@type":"SearchAction","target":{"@type":"EntryPoint","urlTemplate":"https:\/\/www.eimpsa.com\/web\/?s={search_term_string}"},"query-input":{"@type":"PropertyValueSpecification","valueRequired":true,"valueName":"search_term_string"}}],"inLanguage":"es"},{"@type":"Organization","@id":"https:\/\/www.eimpsa.com\/web\/#organization","name":"EIMPSA El\u00e9ctricos Importados S.A.S","url":"https:\/\/www.eimpsa.com\/web\/","logo":{"@type":"ImageObject","inLanguage":"es","@id":"https:\/\/www.eimpsa.com\/web\/#\/schema\/logo\/image\/","url":"https:\/\/www.eimpsa.com\/web\/wp-content\/uploads\/2023\/10\/EIMPSA-Versiones-RGB_Base.png","contentUrl":"https:\/\/www.eimpsa.com\/web\/wp-content\/uploads\/2023\/10\/EIMPSA-Versiones-RGB_Base.png","width":1471,"height":473,"caption":"EIMPSA El\u00e9ctricos Importados S.A.S"},"image":{"@id":"https:\/\/www.eimpsa.com\/web\/#\/schema\/logo\/image\/"},"sameAs":["https:\/\/www.facebook.com\/eimpsa\/","https:\/\/www.linkedin.com\/company\/el-ctricos-importados-s-a-\/","https:\/\/www.youtube.com\/channel\/UCaCHlQ9m86kFaeAq_dMUOHg?view_as=subscriber","https:\/\/www.instagram.com\/eimpsa_electricos_importados\/"]}]}},"_links":{"self":[{"href":"https:\/\/www.eimpsa.com\/web\/wp-json\/wp\/v2\/pages\/11","targetHints":{"allow":["GET"]}}],"collection":[{"href":"https:\/\/www.eimpsa.com\/web\/wp-json\/wp\/v2\/pages"}],"about":[{"href":"https:\/\/www.eimpsa.com\/web\/wp-json\/wp\/v2\/types\/page"}],"author":[{"embeddable":true,"href":"https:\/\/www.eimpsa.com\/web\/wp-json\/wp\/v2\/users\/1"}],"replies":[{"embeddable":true,"href":"https:\/\/www.eimpsa.com\/web\/wp-json\/wp\/v2\/comments?post=11"}],"version-history":[{"count":25,"href":"https:\/\/www.eimpsa.com\/web\/wp-json\/wp\/v2\/pages\/11\/revisions"}],"predecessor-version":[{"id":22859,"href":"https:\/\/www.eimpsa.com\/web\/wp-json\/wp\/v2\/pages\/11\/revisions\/22859"}],"wp:attachment":[{"href":"https:\/\/www.eimpsa.com\/web\/wp-json\/wp\/v2\/media?parent=11"}],"curies":[{"name":"wp","href":"https:\/\/api.w.org\/{rel}","templated":true}]}}